?
True
Is 294383 a composite number?
False
Is 342449 prime?
True
Is 8849 a prime number?
True
Is 4547 prime?
True
Is 4861 a composite number?
False
Is 388211 composite?
False
Is 404027 a composite number?
True
Is 42593 a composite number?
True
Is 1459 a composite number?
False
Is 7661 a prime number?
False
Is 2897 a composite number?
False
Is 19 a prime number?
True
Is 56237 a composite number?
False
Is 388405 composite?
True
Is 19301 prime?
True
Is 77659 prime?
True
Is 233953 a prime number?
False
Is 106163 a composite number?
False
Is 111 prime?
False
Is 18481 a prime number?
True
Is 1190873 prime?
True
Is 219451 a prime number?
True
Is 10559 a composite number?
False
Is 78977 composite?
False
Is 10331 a prime number?
True
Is 59263 a composite number?
False
Is 96377 a prime number?
True
Is 12633 a prime number?
False
Is 17569 composite?
False
Is 550933 prime?
False
Is 1747 a composite number?
False
Is 63853 composite?
False
Is 1115447 a prime number?
True
Is 17417 a prime number?
True
Is 10499 a composite number?
False
Is 198689 a composite number?
False
Is 25787 a prime number?
False
Is 228871 a composite number?
True
Is 28783 prime?
False
Is 15746 a composite number?
True
Is 809 composite?
False
Is 11113 a composite number?
False
Is 45995 a prime number?
False
Is 7111349 composite?
True
Is 737869 a composite number?
True
Is 163469 composite?
False
Is 16357 prime?
False
Is 160501 a prime number?
False
Is 748441 a composite number?
False
Is 4547 a prime number?
True
Is 1399 composite?
False
Is 314345 a prime number?
False
Is 138157 a composite number?
False
Is 9533 a composite number?
False
Is 23189 a composite number?
False
Is 28043 prime?
False
Is 9989 prime?
False
Is 24935 a composite number?
True
Is 206621 prime?
False
Is 7897 composite?
True
Is 4409 a composite number?
False
Is 6523 prime?
False
Is 3647 composite?
True
Is 997 prime?
True
Is 16921 a composite number?
False
Is 7649 a composite number?
False
Is 11962099 prime?
True
Is 7403 a composite number?
True
Is 241733 prime?
False
Is 1839 a composite number?
True
Is 153809 a prime number?
False
Is 839351 prime?
True
Is 144289 prime?
True
Is 234181 prime?
True
Is 429631 a prime number?
True
Is 10559 prime?
True
Is 17569 composite?
False
Is 7827 a prime number?
False
Is 25867 a composite number?
False
Is 152699 composite?
True
Is 589387 a composite number?
False
Is 1352957 a prime number?
True
Is 9517 a composite number?
True
Is 234083 a prime number?
True
Is 133167 prime?
False
Is 240407 a prime number?
False
Is 116953 composite?
False
Is 843527 prime?
True
Is 18481 a prime number?
True
Is 59611 a prime number?
True
Is 209941 a composite number?
True
Is 267557 composite?
False
Is 410929 a composite number?
False
Is 2672021 a composite number?
True
Is 7789 a prime number?
True
Is 251305 a prime number?
False
Is 801947 a prime number?
True
Is 398539 composite?
False
Is 5979 prime?
False
Is 286331 a prime number?
False
Is 96671 a prime number?
True
Is 116681 a composite number?
False
Is 103289 composite?
False
Is 145231 a composite number?
True
Is 787 prime?
True
Is 261619 a prime number?
True
Is 2334503 composite?
False
Is 306701 a prime number?
True
Is 7261 prime?
False
Is 117341 a composite number?
True
Is 621913 composite?
False
Is 82958 a prime number?
False
Is 16671 composite?
True
Is 266619 composite?
True
Is 9899 composite?
True
Is 82129 a prime number?
True
Is 100129 prime?
True
Is 1009 a prime number?
True
Is 231746 composite?
True
Is 151751 prime?
False
Is 244633 a prime number?
True
Is 1439213 a prime number?
False
Is 20087 a composite number?
True
Is 465235 composite?
True
Is 807151 a prime number?
True
Is 13609 composite?
True
Is 9841 a prime number?
False
Is 159977 a prime number?
True
Is 16249 prime?
True
Is 121291 a prime number?
True
Is 47491 a prime number?
True
Is 52501 prime?
True
Is 9019 a prime number?
False
Is 148891 composite?
False
Is 9589 a prime number?
False
Is 133481 prime?
True
Is 32297 composite?
False
Is 6733 composite?
False
Is 2987 composite?
True
Is 185431 composite?
True
Is 134947 prime?
True
Is 926129 a prime number?
True
Is 17957 prime?
True
Is 216703 composite?
False
Is 2867 composite?
True
Is 14 composite?
True
Is 28759 composite?
False
Is 23003 composite?
False
Is 982117 a prime number?
True
Is 15902 prime?
False
Is 10113 a composite number?
True
Is 11519 a composite number?
False
Is 8663 prime?
True
Is 135257 a composite number?
False
Is 1387067 composite?
True
Is 29741 prime?
True
Is 10883 a composite number?
False
Is 1973 prime?
True
Is 50603 prime?
False
Is 101681 prime?
True
Is 1335262 prime?
False
Is 25199 a composite number?
True
Is 513529 a prime number?
True
Is 494633 composite?
True
Is 3851041 prime?
True
Is 771709 prime?
False
Is 26821 a composite number?
False
Is 27287 a composite number?
True
Is 20089 composite?
False
Is 6389 composite?
False
Is 267097 a composite number?
False
Is 74653 composite?
False
Is 13809 prime?
False
Is 116357 a prime number?
False
Is 16519 a composite number?
False
Is 214661 composite?
True
Is 7219 composite?
False
Is 3719 a composite number?
False
Is 149657 a prime number?
False
Is 61987 prime?
True
Is 326831 a composite number?
False
Is 105319 a composite number?
False
Is 1313579 a prime number?
True
Is 50989 prime?
True
Is 28901 prime?
True
Is 1546757 a prime number?
True
Is 327963 composite?
True
Is 691 a composite number?
False
Is 206029 a composite number?
True
Is 319229 a composite number?
True
Is 381691 prime?
False
Is 964789 a prime number?
False
Is 112855 composite?
True
Is 9667 a prime number?
False
Is 101789 prime?
True
Is 14699 prime?
True
Is 130063 a prime number?
False
Is 163243 prime?
True
Is 99821 a composite number?
True
Is 3877 composite?
False
Is 29501 a composite number?
False
Is 42841 a composite number?
False
Is 1567031 a prime number?
True
Is 6445 a composite number?
True
Is 3683 composite?
True
Is 2397103 a composite number?
False
Is 51193 prime?
True
Is 3761 composite?
False
Is 2261861 a prime number?
False
Is 52099 a composite number?
True
Is 28285 a composite number?
True
Is 44723 a prime number?
False
Is 69137 composite?
True
Is 204707 prime?
True
Is 15551 a prime number?
True
Is 28189 prime?
False
Is 22163 a composite number?
True
Is 13621 a composite number?
True
Is 103669 a composite number?
False
Is 432723 a composite number?
True
Is 314809 prime?
False
Is 1933049 a prime number?
True
Is 52133 a prime number?
False
Is 329387 composite?
False
Is 138513 a prime number?
False
Is 24347 a composite number?
True
Is 15013 a composite number?
False
Is 10681 prime?
False
Is 84263 a prime number?
True
Is 1630357 a composite number?
False
Is 23321 a composite number?
False
Is 22577 composite?
True
Is 762041 a prime number?
False
Is 69539 prime?
True
Is 2333 a composite number?
False
Is 2177699 prime?
True
Is 17597 a composite number?
False
Is 180821 a prime number?
False
Is 4391 a composite number?
False
Is 8927 a composite number?
True
Is 145943 composite?
True
Is 192767 prime?
True
Is 1490803 a composite number?
True
Is 89681 composite?
False
Is 15811 a composite number?
True
Is 695698 a composite number?
True
Is 11149 a prime number?
True
Is 1135327 a composite number?
False
Is 22853 prime?
True
Is 227357 a composite number?
True
Is 10747 prime?
False
Is 1499 a prime number?
True
Is 3251 a composite number?
False
Is 7187 a composite number?
False
Is 19534 composite?
True
Is 686863 composite?
False
Is 144031 a prime number?
True
Is 425603 prime?
True
Is 111919 prime?
True
Is 4441 prime?
True
Is 1591 a prime number?
False
Is 23185 a prime number?
False
Is 1143501 a composite number?
True
Is 105731 a prime number?
False
Is 1345 a prime number?
False
Is 378617 a composite number?
True
Is 41867 prime?
False
Is 4717 a prime number?
False
Is 70157 a prime number?
True
Is 423173 a prime number?
True
Is 11038 prime?
False
Is 2144269 composite?
False
Is 280219 a composite number?
False
Is 151897 a composite number?
False
Is 249559 a prime number?
False
Is 4049 composite?
False
Is 10453 a prime number?
True
Is 1707969 prime?
False
Is 47569 composite?
False
Is 3865 a prime number?
False
Is 2921 composite?
True
Is 6803 a composite number?
False
Is 6521 composite?
False
Is 4271 a composite nu